2, 3, 13
Let c = 333 + -169. What are the prime factors of c*1 - (-140)/(-28)?
3, 53
Suppose -5*f - 270 = -3*l, 5*f = -2*l + 82 + 98. Suppose 0 = 2*j + l + 82. What are the prime factors of j/(-14) - (-1)/(-7)?
2, 3
Let o(r) = 9*r**2 + 64*r - 35. List the prime factors of o(-11).
2, 5, 7
Let u(t) = 5*t**2 + 6*t - 7. Let c = -30 + 33. What are the prime factors of u(c)?
2, 7
Let a(t) = 4*t - 10. Let m be 2 - ((-1)/1 - 1). Let g be a(m). Suppose 4*z = -2*k + g*k + 124, -5*z + 155 = 4*k. List the prime factors of z.
31
Let r(t) = 2*t - 1. Let o be r(3). Suppose -158 = -h - 3*i, -h - o*i = -2*h + 150. List the prime factors of h.
5, 31
Let n(k) = k**2 - 6*k - 11. Let p be n(8). Suppose p*q - 180 = -i, 2*q - 168 = -i + 24. What are the prime factors of i?
2, 5
Let q(u) = 4*u**2 + 2*u - 9. Let l be (8/(-10))/(-2)*(-60)/(-4). What are the prime factors of q(l)?
3, 7
Let p(g) be the second derivative of -g**4/12 - 5*g**3/3 - 5*g**2/2 - 12*g. What are the prime factors of p(-5)?
2, 5
Suppose -5*h - 31 = -3*r, -3*r + 17 = -2*r - 5*h. Let x(c) = 1 + 9*c + 2 - 2 - 6. What are the prime factors of x(r)?
2, 29
Let t(w) = w**2 - 5*w + 21. What are the prime factors of t(0)?
3, 7
Let x(l) = 4*l**2 + 2*l + 1. Let v be x(-1). Suppose v*w = 110 + 94. What are the prime factors of w?
2, 17
Let r(v) = 2*v**3 - 6*v**2 - 9*v + 8. List the prime factors of r(5).
3, 7
Let t be (2/(-4) - 1746/24)*-4. Let p = t - 132. What are the prime factors of p?
7, 23
Suppose 2*x - 16 = -3*i, 6 = 5*x - 4*i - 34. Let r be (-60)/12*x/10. Let z = r + 11. What are the prime factors of z?
7
List the prime factors of -4 + 14/7 - -3394.
2, 53
Suppose -2*m - 2*o + 0*o + 20 = 0, -m - 5 = -2*o. Suppose m*z = 4*u - 133, -2*u + 3*z = -7*u + 120. What are the prime factors of u?
3
List the prime factors of (-7 + (-438)/24)/(1/(-92)).
23, 101
Let b(c) = -28*c + 17. Suppose 0 = -h - 4*h - 15. What are the prime factors of b(h)?
101
Let h = 6 - 2. Suppose 597 = h*u + y + 206, y = -u + 97. List the prime factors of u.
2, 7
Let o(m) be the third derivative of m**5/24 + m**4/12 - m**3/3 + 3*m**2. Let k(n) be the first derivative of o(n). What are the prime factors of k(4)?
2, 11
What are the prime factors of (-60)/(-720) - ((-18886)/24 - 1)?
2, 197
Suppose 3 = 2*d - 3. Suppose -3*l - 3 = d*p, p = -l - 2*p + 5. Let c(u) = -13*u - 6. What are the prime factors of c(l)?
2, 23
Suppose 0 = -n + 3*s + 469, -2*n + s = -690 - 248. What are the prime factors of n?
7, 67
What are the prime factors of (-1)/((-35)/(-5) + 29584/(-4226))?
2113
Let o be (-4)/(32/28)*-8. Let h = 55 - -5. Let q = h - o. List the prime factors of q.
2
Let p = -251 + 1398. What are the prime factors of p?
31, 37
Let r(i) = -96*i - 17. Let g be r(-7). Let h = g - 451. What are the prime factors of h?
2, 3, 17
Suppose 6*t = q + 2*t - 565, -q + t = -559. What are the prime factors of q?
557
What are the prime factors of (-12)/(-8)*((-283096)/12)/(-11)?
3217
Suppose 0 = -42*a + 58*a - 79936. What are the prime factors of a?
2, 1249
Let c = 79 + -66. Suppose -4*b = w - c - 327, 3*w - 264 = -3*b. List the prime factors of b.
2, 3, 7
Let q(f) = 991*f + 39. What are the prime factors of q(1)?
2, 5, 103
Let d be -6*1*(-70)/(-15). What are the prime factors of 42/d*122/(-3)?
61
Let k(o) be the second derivative of o**4/12 + 13*o. Let r(u) = -7*u**2 + 7*u + 3. Let h(y) = -6*k(y) - r(y). List the prime factors of h(9).
3, 5
Suppose -43*l + 23*l = -22300. What are the prime factors of l?
5, 223
What are the prime factors of (-38 + 2)*996/(-9)?
2, 3, 83
Suppose -w = 3*l - 5367 - 1950, 0 = -l - 4*w + 2439. What are the prime factors of l?
3, 271
Let r be 2/(-4) + (172/8 - 0). List the prime factors of (r/3)/(3/3 - 0).
7
Let i(r) = 45*r**3 - 11*r**2 + 29*r - 160. What are the prime factors of i(5)?
5, 11, 97
Suppose -6*i = 54*i - 188400. List the prime factors of i.
2, 5, 157
What are the prime factors of (-10696)/(-10)*(5/2)/1?
2, 7, 191
Let w be (1 + 1)/4*-12. List the prime factors of 3/w + 270/12.
2, 11
Suppose 2*s + 2*y - 4157 = -1277, -5765 = -4*s + y. What are the prime factors of s?
11, 131
Let y(z) = -1020*z + 107. What are the prime factors of y(-3)?
3167
Let z(d) = d**2 + 6*d - 21. Let j be z(-9). Suppose -8*q + 60 = -j*q. What are the prime factors of q?
2, 3, 5
Suppose -3*x - 1 = -13. Suppose b = x*c - 145, -3*c = -3*b - 79 - 23. What are the prime factors of c?
37
Let d = -10 + 10. Let b be (-4 + d)*(-2)/(-8). List the prime factors of (-37 - -3)*b/1.
2, 17
Let t(s) = -s**2 + 6*s + 2. Let c be ((-2)/3)/((-2)/18). Let v be t(c). Suppose v*k + 2*j - 126 = 0, -3 = 3*j + 9. What are the prime factors of k?
67
Suppose -366 = -t - 2*t + 4*n, 3*t - 384 = -2*n. Suppose -5*r = -7*r + t. List the prime factors of (48/(-28))/((-6)/r).
2, 3
Let w = 14 - 14. Suppose w = 2*y - 3*y + 94. Let h = 158 - y. What are the prime factors of h?
2
Let b(h) = -h - 1. Let d be b(1). Let j be 24/16 + 1/d. Suppose -4*c + 3*k = -53, 5*c - 4*k - 64 = j. What are the prime factors of c?
17
Suppose 5*y - 3*k = -92, 3*y - 5*k + 33 = y. Let x = y - -4. Let m = x - -33. List the prime factors of m.
2, 3
Let u(s) = -s**2 + 17*s + 11. Suppose -3*i + 31 = 2*r, -3*r + 0*r + 2*i + 40 = 0. Let v = r + -2. What are the prime factors of u(v)?
71
Let c(g) = 5*g**2 + 32*g + 115. List the prime factors of c(-22).
1831
Let k = -23 + 9. Let q = 19 + k. Let t(i) = i**3 - i**2 - 8*i - 4. List the prime factors of t(q).
2, 7
Suppose w - 546 = 4*q, -3*w + 1074 = -w + q. Suppose 0 = -5*n - 4*h + w, 5*h = n + 3*h - 116. List the prime factors of n/8 + 2/8.
2, 7
Suppose -5*q + 4*o = 6*o - 18, 4*q + 5*o - 11 = 0. Suppose -q*s = -4*g - 440, 2*g = -s + 7*g + 122. What are the prime factors of s?
107
Let d(q) = q - 3. Let j be d(7). Suppose 0 = 5*f - j - 11. Suppose f*z + 4*h - 122 = 0, -3*z = 5*h - 2*h - 117. What are the prime factors of z?
2, 17
Let n(v) be the first derivative of 10 + 0*v - 3*v**2 - 2*v**3 + 1/2*v**4. What are the prime factors of n(5)?
2, 5, 7
Let h be (-3)/6 + 34/4. Let z(y) = -y**3 + 17*y**2 - 38*y - 10. Let n be z(13). Suppose -n = -6*s + h. What are the prime factors of s?
2, 3, 5
List the prime factors of (-27)/12 + 2 - (-54560)/128.
2, 3, 71
Let s = 1500 - -452. What are the prime factors of s?
2, 61
Suppose 0 = 3*k - 5*o + o - 29, 5*k - 5*o - 50 = 0. List the prime factors of 18/18*(-1 - -2)*k.
11
Let y = 1043 + -368. What are the prime factors of y?
3, 5
Suppose 0 = -2*m + 4 - 0. Suppose 2*h - 4*h = 5*r - 52, -m*h + 84 = -3*r. What are the prime factors of h?
2, 3
Let b(t) = 1. Let r(x) = 4*x - 2. Let a(p) = 4*b(p) - r(p). Let n(u) = u**2 + 13*u + 35. Let d be n(-8). What are the prime factors of a(d)?
2, 13
What are the prime factors of (-14)/126 - (-3826)/9?
5, 17
Let l be 13 - 12 - 55/(-1). Suppose 2*a - 138 = -2*a - 5*m, 4*m = 2*a - l. List the prime factors of a.
2
Suppose 4*b - b = -4*y + 1223, -4*b - 1244 = -4*y. List the prime factors of y.
2, 7, 11
Let p be ((-3)/(-6))/((-1)/(-18)). Suppose 5*w - p = 6. Suppose -3*f = w*f - 24. List the prime factors of f.
2
Let w(q) = 22*q - 45. Let t(f) = 33*f - 68. Let k(g) = -5*t(g) + 7*w(g). What are the prime factors of k(-12)?
157
Let f(a) = 14*a - 13. Let q be f(-4). Let k = -19 - q. Suppose 4*y + k = 242. What are the prime factors of y?
2, 3
Suppose -w + 22 = -2*w + 5*u, -w + 2*u - 10 = 0. Let x = w + -1. List the prime factors of (38 - -3) + x + -3.
5, 7
Let j(i) = 176*i + 21. List the prime factors of j(16).
2837
Let o be 40/18 + -2 + (-1437)/27. Let l = 75 - o. List the prime factors of l.
2
Let w(t) be the third derivative of t**6/180 - t**5/12 - 7*t**4/24 - 2*t**2. Let p(k) be the second derivative of w(k). What are the prime factors of p(8)?
2, 11
Let i(p) = 10*p**2 - 6*p - 3. List the prime factors of i(-4).
181
Suppose 4*x - 324 = 3*x. Suppose -4*f + x = 2*o - 0*o, -o = -5*f - 169. List the prime factors of o.
2, 41
Suppose 2*t + 4*t + 582 = 0. Let o = t - -153. List the prime factors of o.
2, 7
Suppose -5*u = 2*s - 28, u - 28 = -5*s + 3*s. Suppose 0 = v - 3*v - s. Let o = v - -22. List the prime factors of o.
3, 5
Let b(p) = 3 - 2 + 14*p + 4 + 3*p**3 - 19*p. List the prime factors of b(2).
19
Suppose 11*n - 6*n = 450. Suppose -t + 0*t + n = 0. Suppose -t = -5*m - 5. What are the prime factors of m?
1